t is the value of 38 + (-5 - -23) + -3?
53
What is -42 - (85 - (-33 - -168))?
8
-136 + 157 - (110 + -3 + -5)
-81
What is 27 + -30 - ((6 - 51) + 59)?
-17
43 - (333 + -398 + 0 + 4)
104
What is 69 - (65 + -9) - ((1 - 0) + 66)?
-54
Calculate (3 - 2) + 64 - (4 + -5 - -1).
65
Evaluate (19 + (0 - (15 - 6)) - -19) + 12.
41
Calculate 28 + -235 - -91 - -31.
-85
3 + -5 + 18 + (-5 - 4) + 19
26
Calculate -5 + -37 - ((-1 + 12 + 11 - 10) + -10).
-44
What is the value of (12 - (-15 - (-7 - 8))) + 43 + 3?
58
Calculate -42 + 53 - ((4 - (2 - 1)) + 3) - 11.
-6
What is the value of (28 - 12 - (3 - 9)) + (18 - (16 + -3))?
27
(-10 - 3 - (-33 + 4)) + -11 + 1 + 33
39
Calculate 38 - (104 - -1) - -35.
-32
-3 + 21 + 1 - (116 + -171)
74
Evaluate 20 - (-35 + (12 - (-146 - -8))).
-95
What is 5 + 87 + (7 + 0 - (76 - 58))?
81
What is (-14 - 0) + (11 - (-20 - -32)) + 7?
-8
Evaluate 314 + -334 - (20 + -6).
-34
13 - 0 - 0 - (-415 + 119 + 274)
35
(19 - (4 - 5)) + -4 - (21 - (-106 - 7))
-118
13 - (-9 - 10) - (9 + (-11 - -8))
26
What is -74 + (-33 - (-40 + 36)) - 29?
-132
Calculate 4 - (-27 - 1 - (108 - 97)) - -1.
44
92 - (167 - -13) - (-9 - (-2 - 2))
-83
What is 63 + -58 + -1 + -3 + 8 + -4?
5
What is (119 + -116 - ((-5 - 0) + 26)) + 82?
64
What is the value of -4 + 24 + -11 + (9 - -66) + -16?
68
-97 + (67 - -32) + -40
-38
What is the value of -4 + 9 + -4 + 10 + 63 + -100?
-26
Calculate -4 - -26 - -2 - (0 + -2 + 1337 + -1335).
24
-12 + 82 + -30 + -51
-11
What is (-48 - (2 - 13 - -7)) + 11 + 1?
-32
Evaluate (17 - 2) + -24 + (-121 - -48).
-82
Calculate -256 + 247 + -137 - -46.
-100
What is 0 + 0 - (-61 + (18 - -52)) - -49?
40
Calculate 7 + -16 + 19 + (-4 - 72) + 0 + -4.
-70
Calculate 18 + -3 + (608 - 641 - (-92 - -1)).
73
What is -7 + 4 + 7 + (38 - 37) + -14 + -13?
-22
What is the value of -2 - (-239 - -143 - (-2 + -14))?
78
What is 30 + -19 - (1 + (0 - -1)) - (48 - 16)?
-23
-38 + 26 + -37 + (26 - 1)
-24
Evaluate -72 - (-1 - -8 - 49).
-30
What is (2 - (3 - 7)) + (164 - 23) - (-59 - -72)?
134
Evaluate 52 + -53 + (4 - (5 - -3) - -1).
-4
What is -4 - 0 - (-41 + 20 + -1)?
18
Evaluate -63 + (33 + -54 - -137).
53
What is the value of -80 + 144 + 27 + -2 + 1?
90
Calculate -79 + 114 + (-20 - 0) - (-35 - -1).
49
Calculate -9 + -19 - -22 - (-15 - -11).
-2
Evaluate 174 - (-48 - -13 - -104).
105
What is -30 + 47 + -10 - -17?
24
What is 49 + (-19 - -47) + -126?
-49
Evaluate (-2107 - -1918) + 2 + 101.
-86
What is the value of 9 + -9 + 86 + -73 + 1 + -9?
5
Evaluate -13 - ((389 - 454) + (1 - 2 - -15)).
38
What is the value of 72 + -101 + 12 + 7?
-10
Evaluate (470 - 481) + 3 + 10 + 1 - -6.
9
What is the value of (56 - 109 - -90) + (17 - 1 - 1)?
52
What is (4 - 5) + (437 - 380)?
56
131 + 95 + (-232 - -26)
20
What is (1 - 0 - -4 - (-144 + 125)) + 6?
30
What is (27 - -1) + (-4310 - -4299) + 0 + -13?
4
Evaluate -6 - 0 - (-38 - (-28 + -15)).
-11
What is the value of 137 - 1 - (-7 + (-12 + -20 + 11 - -44))?
120
Evaluate -11 + (-20 + 8 - (-11 + -16)).
4
1173 + -1145 + (5 + -47 - 0)
-14
Calculate 1 + ((-6 - -7) + -5 - -42 - 3).
36
-39 + (-1 - 3 - -2) + (-18 - -10)
-49
-6 + -3 + 20 + -6 + -1 + 0
4
What is (-104 - (-3 - ((8 - 18) + 1))) + (64 - 55)?
-101
What is the value of 82 - 0 - (-137 + 205 + -57)?
71
What is 7 + (-22 + (-36 - -69) - (-11 - 0))?
29
Evaluate -36 - (53 - 8) - -24.
-57
100 - (0 + 65 + (-4109 - -4067))
77
What is the value of -54 - (-1 + 0 + (34 - 20 - (11 + -6)))?
-62
204 + -118 - (-76 + 210)
-48
What is the value of -59 - (26 + 29 + -37 + -14 + (1 - 8))?
-56
What is the value of 6 + 66 - 39 - 44?
-11
Calculate (11 - (-14 + 28)) + (7 - 0 - 15 - -22).
11
Calculate (56 - 40) + -5 + 9 + 6.
26
Evaluate -94 - -87 - (58 - 11).
-54
Evaluate 1 + -43 + 1 + 143 + -23 + -109.
-30
What is the value of -37 - (28 + -35 + 37)?
-67
What is 2783 - 2692 - (104 - 2)?
-11
118 + -72 + -77 + 121
90
(-112 - (2 + -52)) + 156
94
-2 + -7 - -6 - -6 - (34 + -1)
-30
What is 17 - (-9 - -131 - (2 + (17 - 8)))?
-94
What is the value of 29 - (25 + -22) - -24?
50
Evaluate 89 - (56 + (61 - 25)).
-3
What is the value of 21 - (40 - 22) - (1 - -13) - (-1 + 44)?
-54
Evaluate -1 + 1 + -10 - (58 - 239 - -89).
82
What is -12 + (3 + 2 - (-15 + 9 + 9))?
-10
Calculate (-12 - -5) + (41 - -18).
52
Calculate (9 - (-10 - 5)) + -49 + 82.
57
What is the value of (-11 - (-39 + (15 - 9))) + -8 - (-9 + 157)?
-134
What is 1 + 27 - (2410 - 2450)?
68
9 + 45 - (0 + (-11 - (-2 + -22)))
41
Evaluate 937 + -944 + (-2 + -1 - (5 - (0 + 83))).
68
(2 - 0 - -13) + -2 + (-47 - 3)
-37
What is (35 + -5 - -2 - (77 + -61)) + -31?
-15
What is 78 + 61 + -80 - 58?
1
What is the value of -13 + (-38 - -31) + 39?
19
What is -2 + (0 - (86 - 2)) + 554 + -558?
-90
-8 - (-10 - 42) - -29
73
What is 707 - 679 - (-5 - -56 - 5)?
-18
Calculate 42 - 44 - (-6 + (-1 - 28 - (-8 + 2))).
27
What is (43 - -11) + -39 + (-3 + 1 - 66)?
-53
4 - (-3 - 0) - ((-20 - (0 + -5)) + 25)
-3
Evaluate 20 + 18 - (-15 - -57).
-4
0 + -2 - ((-91 - 17) + 104)
2
What is 11 + -14 + (-21 + 51 - 21)?
6
56 + (37 - (28 - 16) - 32)
49
What is the value of ((-1 - (5 - 10)) + -1 - -1) + 67 + -15?
56
Calculate 2 + -114 - (458 + -475) - -33.
-62
What is the value of (-12 + -23 - 68) + (15 - 1)?
-89
What is -4 + (22 + -29 - (-7 + 57))?
-61
Evaluate 5 + 15 + 3908 + -3979.
-51
(-87 - -45) + 30 + 51
39
2 - (98 - (123 - 155))
-128
Evaluate 35 - (17 + -19 + 0 - -1) - (-4 + 17).
23
Calculate (-166 + 204 - 52) + -2 + (-2 - -6).
-12
(-118 - -61) + 51 - (0 - (-1 + 58 - 2))
49
35 + -59 + (27 - 28)
-25
Evaluate -51 - -37 - -19 - ((-3 - -1) + (36 - 0)).
-29
(-892 + 862 - (12 - 0)) + 7
-35
Calculate (-8 - -47) + -35 - 10.
-6
What is (-79 - -224) + -246 - 36?
-137
What is the value of (-27 - (-23 + -33)) + (1 - (1 + -2 - -3))?
28
What is the value of 1 + -22 + 2 - (-2 - -23)?
-40
Evaluate 5 - -9 - (-9 - (7 + 15 - 19)).
26
Evaluate 17 + (53 + -4 - 39).
27
What is 10 + (-53 - -19) + 0 + -8?
-32
What is -26 + (-402 - -377 - (-2 + -1 + -9))?
-39
What is the value of (74 - -2) + (-187 - -33)?
-78
(-8 - 0 - 0 - (0 + -16)) + -4 + 0
4
What is 14 + -119 - (339 - 430)?
-14
17 - (-4 + 4 - (-4 + -4 - -19))
28
Calculate 73 + 8 - 26 - 42.
13
What is the value of -1 + -10 + (22 - 35) + 13 + 7?
-4
What is the value of 30 + -8 + -1 - (76 + -51)?
-4
-1 + -1 + (47 - 37) + -7 - 11 - 2
-12
-50 - (-52 + (65 - 8))
-55
Evaluate ((94 - 57) + 95 - (1 + -11)) + -22.
120
What is the value of 14 - (4 - (-64 + -3 + -2 + -13))?
-72
Evaluate 0 - (9 + -20) - (17 - (-51 + -1)).
-58
What is 1781 + -1763 + 9 + 1?
28
Calculate (1 - 1) + (37 - 35) + -8 - (3 + 5).
-14
Calculate 45 - (-69 + 143 - 71).
42
Evaluate -11 - (-85 - (6 + -24 - ((-3 - -5) + -15))).
69
Calculate -15 + (-8 - -9) - (76 + 43 + -60).
-73
Evaluate (3 - ((-8 - (-7 - 6)) + 8)) + 23 + -42.
-29
What is the value of -21 - (19 - (19 - 23)) - 14?
-58
Calculate 73 + (-34 - 10) + -118.
-89
What is 1 + (-27 - 4) + 24 + -19 + -21?
-46
Calculate (-24 - (37 + (2 - 59))) + 26.
22
Calculate -3 - (9 + -118) - (-120 + 154).
72
-1 - -7 - (-57 + 1 + -14 + 3 - -8)
65
8 + (5 - 9) - ((45 - 2) + 29)
-68
What is 3 + (-6 - (4 + -1)) + 1522 + -1508?
8
50 - (-18 + (-20 - -117))
-29
Calculate (6 - 1) + -74 + 13 + (45 - 18 - 29).
-58
What is (-1 - -55) + (-2627 - -2651)?
78
Evaluate 17 + 14 + -11 + -79 + 18.
-41
Calculate (29 + 5 - 10) + (4 - 87).
-59
What is the value of -25 + 2 - (81 + -23 + -45)?
-36
Evaluate 13 + 35 + -49 + 4.
3
What is the value of (-17 - -10) + (-3 + -2 + 8 - 42)?
-46
What is 5 + -6 + 0 + 19 + -58?
-40
-39 + 7 - (-13 - (-27 + 9))
-37
What is the value of -68 + 11 + 145 - (-3 + 2 - (-1 + -8))?
80
192 + -142 + 0 + 1 + 4
55
What is 20 + ((38 - 11) + -15 - ((0 - 1) + 3))?
30
Calculate (106 - (26 + 69)) + (-61 - (-1 + 0)).
-49
What is -392 - -450 - (-4 + (4 - (-17 - -3)))?
44
Evaluate ((0 - -88) + 0 - 1) + (-51632 - -51619).
74
Evaluate 1 + -12 + (-631 - -636) + 7.
1
What is 3 - (11 + -70 - 0) - (-6 + -15 - -7)?
76
What is -34 - (7 - (-77 - -150))?
32
Calculate -28 - (2 - (-6 + 9)).
-27
What is (15 - ((35 - 13 - 6) + -2)) + 48 + 1?
50
Calculate 595 + -606 + 0 + 9 - -12.
10
What is (-45 - (17 + (-46 - -17))) + -96?
-129
Calculate -128 + 175 + -128 + 52.
-29
Calculate 7 + 9 - ((2 - 8) + -6 + 82).
-54
What is -118 - (-9 + 42 + -85 - -37)?
-103
Evaluate -7 + (4 - 8 - 0) - ((1 - 0) + -19).
7
What is the value